{"id":919,"date":"2025-09-22T06:43:52","date_gmt":"2025-09-22T06:43:52","guid":{"rendered":"https:\/\/gemmaxgradnja.com\/?page_id=919"},"modified":"2025-09-22T08:00:27","modified_gmt":"2025-09-22T08:00:27","slug":"asfaltiranje-parkinga-zeleznice-stanice-novi-sad","status":"publish","type":"page","link":"https:\/\/gemmaxgradnja.com\/index.php\/asfaltiranje-parkinga-zeleznice-stanice-novi-sad\/","title":{"rendered":"Asfaltiranje parkinga \u017delezni\u010de stanice Novi Sad"},"content":{"rendered":"\t\t<div data-elementor-type=\"wp-page\" data-elementor-id=\"919\" class=\"elementor elementor-919\" data-elementor-post-type=\"page\">\n\t\t\t\t<div class=\"elementor-element elementor-element-d01e2e8 e-con-full e-flex e-con e-parent\" data-id=\"d01e2e8\" data-element_type=\"container\" data-e-type=\"container\">\n\t\t\t\t<div class=\"elementor-element elementor-element-a5a1f12 elementor-widget elementor-widget-html\" data-id=\"a5a1f12\" data-element_type=\"widget\" data-e-type=\"widget\" data-widget_type=\"html.default\">\n\t\t\t\t<div class=\"elementor-widget-container\">\n\t\t\t\t\t<!-- Gemmax Gradnja \u2014 Asfaltiranje (scoped + lightbox) -->\r\n<link href=\"https:\/\/fonts.googleapis.com\/css2?family=Exo+2:wght@300;400;600;700&family=Roboto:wght@300;400;500&display=swap\" rel=\"stylesheet\">\r\n\r\n<div id=\"gm-asf\">\r\n  <style>\r\n    #gm-asf{\r\n      --primary-green:#00c853;--dark-green:#009624;--light-green:#5efc82;\r\n      --white:#ffffff;--black:#121212;--dark-gray:#1e1e1e;--light-gray:#f5f5f5;\r\n      color:var(--white);font-family:'Roboto',sans-serif;line-height:1.6;overflow-x:hidden;background:transparent\r\n    }\r\n    #gm-asf *{box-sizing:border-box;margin:0;padding:0}\r\n    #gm-asf h1,#gm-asf h2,#gm-asf h3,#gm-asf h4,#gm-asf h5{font-family:'Exo 2',sans-serif;font-weight:700;margin-bottom:1rem;color:var(--white)}\r\n    #gm-asf .container{width:100%;max-width:1200px;margin:0 auto;padding:0 20px}\r\n\r\n    \/* HERO *\/\r\n    #gm-asf .hero{padding:160px 0 100px;background:\r\n      linear-gradient(to bottom,rgba(18,18,18,.9),rgba(18,18,18,.8)),\r\n      url('https:\/\/gemmaxgradnja.com\/wp-content\/uploads\/2025\/09\/DJI_0322.webp') center\/cover no-repeat;text-align:center;border:1px solid rgba(255,255,255,.04);border-left:none;border-right:none}\r\n    #gm-asf .hero-content{max-width:800px;margin:0 auto}\r\n    #gm-asf .hero h1{font-size:3.5rem;margin-bottom:1.5rem;line-height:1.2;text-shadow:0 2px 10px rgba(0,0,0,.5)}\r\n    #gm-asf .hero p{font-size:1.2rem;margin-bottom:2rem;color:#e0e0e0}\r\n    #gm-asf .hero-badge{display:inline-block;background:linear-gradient(45deg,var(--primary-green),var(--dark-green));padding:8px 20px;border-radius:30px;font-size:.9rem;font-weight:500;margin-bottom:2rem;animation:gm-pulse 2s infinite}\r\n    @keyframes gm-pulse{0%{box-shadow:0 0 0 0 rgba(0,200,83,.4)}70%{box-shadow:0 0 0 10px rgba(0,200,83,0)}100%{box-shadow:0 0 0 0 rgba(0,200,83,0)}}\r\n\r\n    \/* Naslovi *\/\r\n    #gm-asf .section-title{text-align:center;margin-bottom:60px;position:relative}\r\n    #gm-asf .section-title:after{content:'';position:absolute;width:80px;height:4px;background:linear-gradient(to right,transparent,var(--primary-green),transparent);bottom:-15px;left:50%;transform:translateX(-50%);border-radius:2px}\r\n\r\n    \/* Benefiti *\/\r\n    #gm-asf .benefits{padding:100px 0;background-color:var(--dark-gray)}\r\n    #gm-asf .benefits-grid{display:grid;grid-template-columns:repeat(auto-fit,minmax(250px,1fr));gap:30px}\r\n    #gm-asf .benefit-card{background:linear-gradient(145deg,#1a1a1a,#252525);border-radius:10px;padding:30px;text-align:center;transition:.3s;border:1px solid rgba(255,255,255,.05);box-shadow:0 5px 15px rgba(0,0,0,.2)}\r\n    #gm-asf .benefit-card:hover{transform:translateY(-10px);box-shadow:0 15px 30px rgba(0,0,0,.3),0 0 20px rgba(0,200,83,.2)}\r\n    #gm-asf .benefit-icon{font-size:2.5rem;color:var(--primary-green);margin-bottom:20px}\r\n    #gm-asf .benefit-card h3{font-size:1.5rem;margin-bottom:15px}\r\n\r\n    \/* Detalji *\/\r\n    #gm-asf .project-details{padding:100px 0;background-color:var(--black)}\r\n    #gm-asf .details-content{display:grid;grid-template-columns:1fr 1fr;gap:50px;align-items:center}\r\n    #gm-asf .details-text h2{font-size:2.5rem;margin-bottom:25px;color:var(--primary-green)}\r\n    #gm-asf .details-list{list-style:none;margin-top:30px}\r\n    #gm-asf .details-list li{margin-bottom:15px;padding-left:30px;position:relative}\r\n    #gm-asf .details-list li:before{content:'\u2713';position:absolute;left:0;color:var(--primary-green);font-weight:bold}\r\n\r\n    \/* Galerija *\/\r\n    #gm-asf .gallery{padding:100px 0;background-color:var(--dark-gray)}\r\n    #gm-asf .gallery-grid{display:grid;grid-template-columns:repeat(auto-fit,minmax(300px,1fr));gap:20px}\r\n    #gm-asf .gallery-item{position:relative;border-radius:10px;overflow:hidden;height:250px;box-shadow:0 5px 15px rgba(0,0,0,.2);transition:.3s;cursor:zoom-in}\r\n    #gm-asf .gallery-item:hover{transform:scale(1.03);box-shadow:0 15px 30px rgba(0,0,0,.3),0 0 20px rgba(0,200,83,.2)}\r\n    #gm-asf .gallery-item img{width:100%;height:100%;object-fit:cover;transition:transform .5s}\r\n    #gm-asf .gallery-item:hover img{transform:scale(1.1)}\r\n\r\n    \/* LIGHTBOX *\/\r\n    #gm-asf .lb{position:fixed;inset:0;background:rgba(0,0,0,.85);display:none;align-items:center;justify-content:center;z-index:9999}\r\n    #gm-asf .lb.open{display:flex}\r\n    #gm-asf .lb-inner{position:relative;max-width:92vw;max-height:92vh}\r\n    #gm-asf .lb-img{max-width:92vw;max-height:92vh;display:block;border-radius:10px;box-shadow:0 10px 40px rgba(0,0,0,.6)}\r\n    #gm-asf .lb-close{position:absolute;top:-12px;right:-12px;background:var(--black);border:1px solid rgba(255,255,255,.3);color:#fff;border-radius:999px;width:40px;height:40px;display:grid;place-items:center;font-size:20px;cursor:pointer}\r\n    #gm-asf .lb-nav{position:absolute;inset:0;display:flex;align-items:center;justify-content:space-between;pointer-events:none}\r\n    #gm-asf .lb-btn{pointer-events:auto;background:rgba(0,0,0,.5);border:1px solid rgba(255,255,255,.3);color:#fff;width:48px;height:48px;border-radius:999px;display:grid;place-items:center;cursor:pointer;transition:.2s}\r\n    #gm-asf .lb-btn:hover{background:rgba(0,0,0,.7)}\r\n    #gm-asf .lb-caption{margin-top:10px;text-align:center;color:#ddd;font-size:.95rem}\r\n    @media (max-width:992px){#gm-asf .hero h1{font-size:2.8rem} #gm-asf .details-content{grid-template-columns:1fr;gap:40px}}\r\n    @media (max-width:768px){#gm-asf .hero{padding:180px 0 80px} #gm-asf .hero h1{font-size:2.2rem} #gm-asf .benefits-grid,#gm-asf .gallery-grid{grid-template-columns:1fr} #gm-asf .section-title{font-size:1.8rem}}\r\n    @media (max-width:480px){#gm-asf .hero h1{font-size:1.8rem} #gm-asf .hero p{font-size:1rem} #gm-asf .benefit-card{padding:20px}}\r\n  <\/style>\r\n\r\n  <!-- HERO -->\r\n  <section class=\"hero\">\r\n    <div class=\"container hero-content\">\r\n      <div class=\"hero-badge\">Futuristi\u010dka re\u0161enja za asfaltiranje<\/div>\r\n      <h1>Asfaltiranje parkinga \u017delezni\u010dke stanice Novi Sad<\/h1>\r\n      <p>Kvalitetno, brzo i dugotrajno re\u0161enje za jedan od najprometnijih saobra\u0107ajnih \u010dvori\u0161ta u Vojvodini<\/p>\r\n    <\/div>\r\n  <\/section>\r\n\r\n  <!-- BENEFITI 1 -->\r\n  <section class=\"benefits\">\r\n    <div class=\"container\">\r\n      <h2 class=\"section-title\">Za\u0161to je asfaltiranje parkinga va\u017eno?<\/h2>\r\n      <div class=\"benefits-grid\">\r\n        <div class=\"benefit-card\"><div class=\"benefit-icon\">\u23f3<\/div><h3>Trajnost i otpornost<\/h3><p>Asfaltirani parking pru\u017ea dug vek trajanja i otpornost na habanje.<\/p><\/div>\r\n        <div class=\"benefit-card\"><div class=\"benefit-icon\">\ud83d\udee1\ufe0f<\/div><h3>Bezbednost<\/h3><p>Glatka i ravna povr\u0161ina smanjuje rizik od o\u0161te\u0107enja vozila i nezgoda.<\/p><\/div>\r\n        <div class=\"benefit-card\"><div class=\"benefit-icon\">\ud83c\udd7f\ufe0f<\/div><h3>Bolja organizacija<\/h3><p>Ozna\u010dene parking linije omogu\u0107avaju ve\u0107i kapacitet i uredno parkiranje.<\/p><\/div>\r\n        <div class=\"benefit-card\"><div class=\"benefit-icon\">\u2728<\/div><h3>Estetika<\/h3><p>Moderan i dobro asfaltiran parking ostavlja pozitivan utisak na posetioce.<\/p><\/div>\r\n      <\/div>\r\n    <\/div>\r\n  <\/section>\r\n\r\n  <!-- DETALJI PROJEKTA -->\r\n  <section class=\"project-details\">\r\n    <div class=\"container\">\r\n      <div class=\"details-content\">\r\n        <div class=\"details-text\">\r\n          <h2>Asfaltiranje parkinga kod \u017delezni\u010dke stanice Novi Sad<\/h2>\r\n          <p>Radovi na asfaltiranju parkinga u Novom Sadu uklju\u010duju sve faze izvedene prema najvi\u0161im standardima, \u0161to garantuje trajnost i funkcionalnost.<\/p>\r\n          <ul class=\"details-list\">\r\n            <li>Priprema podloge i nivelacija terena<\/li>\r\n            <li>Ugradnja kvalitetnog asfaltnog sloja<\/li>\r\n            <li>Obele\u017eavanje parking mesta i saobra\u0107ajne signalizacije<\/li>\r\n            <li>Postavljanje ivi\u010dnjaka i odvoda za ki\u0161nicu<\/li>\r\n          <\/ul>\r\n        <\/div>\r\n        <div class=\"details-image\">\r\n          <div class=\"gallery-item\">\r\n            <img decoding=\"async\" src=\"https:\/\/gemmaxgradnja.com\/wp-content\/uploads\/2025\/09\/DJI_0326.webp\" alt=\"Asfaltiranje parkinga Novi Sad\">\r\n          <\/div>\r\n        <\/div>\r\n      <\/div>\r\n    <\/div>\r\n  <\/section>\r\n\r\n  <!-- BENEFITI 2 -->\r\n  <section class=\"benefits\">\r\n    <div class=\"container\">\r\n      <h2 class=\"section-title\">Lokalni zna\u010daj za Novi Sad<\/h2>\r\n      <div class=\"benefits-grid\">\r\n        <div class=\"benefit-card\"><div class=\"benefit-icon\">\ud83c\udf0d<\/div><h3>Turisti\u010dki utisak<\/h3><p>Modernizacija parkinga doprinosi boljem prvom utisku kod stranih turista.<\/p><\/div>\r\n        <div class=\"benefit-card\"><div class=\"benefit-icon\">\ud83d\ude95<\/div><h3>Lak\u0161i pristup<\/h3><p>Pobolj\u0161an pristup taksi i autobuskom prevozu.<\/p><\/div>\r\n        <div class=\"benefit-card\"><div class=\"benefit-icon\">\ud83d\udd17<\/div><h3>Povezivanje<\/h3><p>Efikasnije povezivanje putnika sa centrom grada.<\/p><\/div>\r\n      <\/div>\r\n    <\/div>\r\n  <\/section>\r\n\r\n  <!-- GALERIJA -->\r\n  <section class=\"gallery\">\r\n    <div class=\"container\">\r\n      <h2 class=\"section-title\">Galerija projekta<\/h2>\r\n      <div class=\"gallery-grid\" data-gm-gallery>\r\n        <div class=\"gallery-item\"><img decoding=\"async\" src=\"https:\/\/gemmaxgradnja.com\/wp-content\/uploads\/2025\/09\/DJI_0322.webp\" alt=\"Asfaltiranje parkinga \u017delezni\u010dke stanice Novi Sad\"><\/div>\r\n        <div class=\"gallery-item\"><img decoding=\"async\" src=\"https:\/\/gemmaxgradnja.com\/wp-content\/uploads\/2025\/09\/DJI_0326.webp\" alt=\"Radovi na asfaltiranju parkinga\"><\/div>\r\n        <div class=\"gallery-item\"><img decoding=\"async\" src=\"https:\/\/gemmaxgradnja.com\/wp-content\/uploads\/2025\/09\/Screenshot-2025-07-30-144808.webp\" alt=\"Zavr\u0161eni radovi na parkingu\"><\/div>\r\n      <\/div>\r\n    <\/div>\r\n  <\/section>\r\n\r\n  <!-- LIGHTBOX markup -->\r\n  <div class=\"lb\" id=\"gm-lb\" aria-hidden=\"true\">\r\n    <div class=\"lb-inner\">\r\n      <img decoding=\"async\" class=\"lb-img\" src=\"\" alt=\"\">\r\n      <div class=\"lb-nav\">\r\n        <button class=\"lb-btn\" data-prev aria-label=\"Prethodna\">&#10094;<\/button>\r\n        <button class=\"lb-btn\" data-next aria-label=\"Slede\u0107a\">&#10095;<\/button>\r\n      <\/div>\r\n      <button class=\"lb-close\" data-close aria-label=\"Zatvori\">&times;<\/button>\r\n      <div class=\"lb-caption\" id=\"gm-lb-caption\"><\/div>\r\n    <\/div>\r\n  <\/div>\r\n\r\n  <script>\r\n    \/\/ Animacije (scoped)\r\n    (function(){\r\n      const root=document.getElementById('gm-asf'); if(!root) return;\r\n      const targets=root.querySelectorAll('.benefit-card,.gallery-item');\r\n      const io=new IntersectionObserver(es=>{es.forEach(e=>{if(e.isIntersecting){e.target.style.opacity=1;e.target.style.transform='translateY(0)'}})},{threshold:.1});\r\n      targets.forEach(el=>{el.style.opacity=0;el.style.transform='translateY(20px)';el.style.transition='opacity .5s ease, transform .5s ease';io.observe(el)});\r\n    })();\r\n\r\n    \/\/ LIGHTBOX (scoped)\r\n    (function(){\r\n      const root=document.getElementById('gm-asf');\r\n      const grid=root.querySelector('[data-gm-gallery]');\r\n      const lb=root.querySelector('#gm-lb');\r\n      const imgEl=lb.querySelector('.lb-img');\r\n      const caption=lb.querySelector('#gm-lb-caption');\r\n      const btnPrev=lb.querySelector('[data-prev]');\r\n      const btnNext=lb.querySelector('[data-next]');\r\n      const btnClose=lb.querySelector('[data-close]');\r\n\r\n      const imgs=[...grid.querySelectorAll('img')];\r\n      let idx=0;\r\n\r\n      function open(i){\r\n        idx=i; update(); lb.classList.add('open'); lb.setAttribute('aria-hidden','false');\r\n        document.documentElement.style.overflowY='hidden';\r\n      }\r\n      function close(){\r\n        lb.classList.remove('open'); lb.setAttribute('aria-hidden','true');\r\n        document.documentElement.style.overflowY='';\r\n      }\r\n      function update(){\r\n        const el=imgs[idx]; if(!el) return;\r\n        imgEl.src=el.src; imgEl.alt=el.alt||''; caption.textContent=el.alt||'';\r\n      }\r\n      function next(){ idx=(idx+1)%imgs.length; update(); }\r\n      function prev(){ idx=(idx-1+imgs.length)%imgs.length; update(); }\r\n\r\n      imgs.forEach((el,i)=> el.addEventListener('click',()=>open(i)));\r\n      btnClose.addEventListener('click',close);\r\n      lb.addEventListener('click',e=>{ if(e.target===lb) close(); });\r\n      btnNext.addEventListener('click',next);\r\n      btnPrev.addEventListener('click',prev);\r\n\r\n      \/\/ tastatura\r\n      document.addEventListener('keydown',e=>{\r\n        if(!lb.classList.contains('open')) return;\r\n        if(e.key==='Escape') close();\r\n        if(e.key==='ArrowRight') next();\r\n        if(e.key==='ArrowLeft') prev();\r\n      });\r\n\r\n      \/\/ swipe na mobilnom\r\n      let sx=0;\r\n      imgEl.addEventListener('touchstart',e=>{sx=e.touches[0].clientX},{passive:true});\r\n      imgEl.addEventListener('touchend',e=>{\r\n        const dx=e.changedTouches[0].clientX-sx;\r\n        if(Math.abs(dx)>40){ dx<0 ? next() : prev(); }\r\n      });\r\n    })();\r\n  <\/script>\r\n<\/div>\r\n\t\t\t\t<\/div>\n\t\t\t\t<\/div>\n\t\t\t\t<\/div>\n\t\t\t\t<\/div>\n\t\t","protected":false},"excerpt":{"rendered":"<p>Futuristi\u010dka re\u0161enja za asfaltiranje Asfaltiranje parkinga \u017delezni\u010dke stanice Novi Sad Kvalitetno, brzo i dugotrajno re\u0161enje za jedan od najprometnijih saobra\u0107ajnih \u010dvori\u0161ta u Vojvodini Za\u0161to je asfaltiranje parkinga va\u017eno? \u23f3 Trajnost i otpornost Asfaltirani parking pru\u017ea dug vek trajanja i otpornost na habanje. \ud83d\udee1\ufe0f Bezbednost Glatka i ravna povr\u0161ina smanjuje rizik od o\u0161te\u0107enja vozila i nezgoda. [&hellip;]<\/p>\n","protected":false},"author":1,"featured_media":924,"parent":0,"menu_order":0,"comment_status":"closed","ping_status":"closed","template":"elementor_header_footer","meta":{"_monsterinsights_skip_tracking":false,"_monsterinsights_sitenote_active":false,"_monsterinsights_sitenote_note":"","_monsterinsights_sitenote_category":0,"footnotes":""},"class_list":["post-919","page","type-page","status-publish","has-post-thumbnail","hentry"],"yoast_head":"<!-- This site is optimized with the Yoast SEO plugin v26.9 - https:\/\/yoast.com\/product\/yoast-seo-wordpress\/ -->\n<title>Asfaltiranje parkinga \u017delezni\u010dka stanica Novi Sad | Cena i Kvalitet<\/title>\n<meta name=\"description\" content=\"Profesionalno asfaltiranje parkinga kod \u017delezni\u010dke stanice Novi Sad. Kvalitetni materijali, brza realizacija i povoljne cene. Saznajte sve detalje i kontaktirajte nas!\" \/>\n<meta name=\"robots\" content=\"index, follow, max-snippet:-1, max-image-preview:large, max-video-preview:-1\" \/>\n<link rel=\"canonical\" href=\"https:\/\/gemmaxgradnja.com\/index.php\/asfaltiranje-parkinga-zeleznice-stanice-novi-sad\/\" \/>\n<meta property=\"og:locale\" content=\"en_US\" \/>\n<meta property=\"og:type\" content=\"article\" \/>\n<meta property=\"og:title\" content=\"Asfaltiranje parkinga \u017delezni\u010dka stanica Novi Sad | Cena i Kvalitet\" \/>\n<meta property=\"og:description\" content=\"Profesionalno asfaltiranje parkinga kod \u017delezni\u010dke stanice Novi Sad. Kvalitetni materijali, brza realizacija i povoljne cene. Saznajte sve detalje i kontaktirajte nas!\" \/>\n<meta property=\"og:url\" content=\"https:\/\/gemmaxgradnja.com\/index.php\/asfaltiranje-parkinga-zeleznice-stanice-novi-sad\/\" \/>\n<meta property=\"og:site_name\" content=\"Gemmax - Gradnja\" \/>\n<meta property=\"article:modified_time\" content=\"2025-09-22T08:00:27+00:00\" \/>\n<meta property=\"og:image\" content=\"https:\/\/gemmaxgradnja.com\/wp-content\/uploads\/2025\/09\/DJI_0322.webp\" \/>\n\t<meta property=\"og:image:width\" content=\"1500\" \/>\n\t<meta property=\"og:image:height\" content=\"844\" \/>\n\t<meta property=\"og:image:type\" content=\"image\/webp\" \/>\n<meta name=\"twitter:card\" content=\"summary_large_image\" \/>\n<meta name=\"twitter:label1\" content=\"Est. reading time\" \/>\n\t<meta name=\"twitter:data1\" content=\"4 minutes\" \/>\n<script type=\"application\/ld+json\" class=\"yoast-schema-graph\">{\"@context\":\"https:\/\/schema.org\",\"@graph\":[{\"@type\":\"WebPage\",\"@id\":\"https:\/\/gemmaxgradnja.com\/index.php\/asfaltiranje-parkinga-zeleznice-stanice-novi-sad\/\",\"url\":\"https:\/\/gemmaxgradnja.com\/index.php\/asfaltiranje-parkinga-zeleznice-stanice-novi-sad\/\",\"name\":\"Asfaltiranje parkinga \u017delezni\u010dka stanica Novi Sad | Cena i Kvalitet\",\"isPartOf\":{\"@id\":\"https:\/\/gemmaxgradnja.com\/#website\"},\"primaryImageOfPage\":{\"@id\":\"https:\/\/gemmaxgradnja.com\/index.php\/asfaltiranje-parkinga-zeleznice-stanice-novi-sad\/#primaryimage\"},\"image\":{\"@id\":\"https:\/\/gemmaxgradnja.com\/index.php\/asfaltiranje-parkinga-zeleznice-stanice-novi-sad\/#primaryimage\"},\"thumbnailUrl\":\"https:\/\/gemmaxgradnja.com\/wp-content\/uploads\/2025\/09\/DJI_0322.webp\",\"datePublished\":\"2025-09-22T06:43:52+00:00\",\"dateModified\":\"2025-09-22T08:00:27+00:00\",\"description\":\"Profesionalno asfaltiranje parkinga kod \u017delezni\u010dke stanice Novi Sad. Kvalitetni materijali, brza realizacija i povoljne cene. Saznajte sve detalje i kontaktirajte nas!\",\"breadcrumb\":{\"@id\":\"https:\/\/gemmaxgradnja.com\/index.php\/asfaltiranje-parkinga-zeleznice-stanice-novi-sad\/#breadcrumb\"},\"inLanguage\":\"en-US\",\"potentialAction\":[{\"@type\":\"ReadAction\",\"target\":[\"https:\/\/gemmaxgradnja.com\/index.php\/asfaltiranje-parkinga-zeleznice-stanice-novi-sad\/\"]}]},{\"@type\":\"ImageObject\",\"inLanguage\":\"en-US\",\"@id\":\"https:\/\/gemmaxgradnja.com\/index.php\/asfaltiranje-parkinga-zeleznice-stanice-novi-sad\/#primaryimage\",\"url\":\"https:\/\/gemmaxgradnja.com\/wp-content\/uploads\/2025\/09\/DJI_0322.webp\",\"contentUrl\":\"https:\/\/gemmaxgradnja.com\/wp-content\/uploads\/2025\/09\/DJI_0322.webp\",\"width\":1500,\"height\":844,\"caption\":\"Radovi na asfaltiranju parkinga kod \u017delezni\u010dke stanice Novi Sad\"},{\"@type\":\"BreadcrumbList\",\"@id\":\"https:\/\/gemmaxgradnja.com\/index.php\/asfaltiranje-parkinga-zeleznice-stanice-novi-sad\/#breadcrumb\",\"itemListElement\":[{\"@type\":\"ListItem\",\"position\":1,\"name\":\"Home\",\"item\":\"https:\/\/gemmaxgradnja.com\/\"},{\"@type\":\"ListItem\",\"position\":2,\"name\":\"Asfaltiranje parkinga \u017delezni\u010de stanice Novi Sad\"}]},{\"@type\":\"WebSite\",\"@id\":\"https:\/\/gemmaxgradnja.com\/#website\",\"url\":\"https:\/\/gemmaxgradnja.com\/\",\"name\":\"Gemmax - Gradnja - Novi Sad\",\"description\":\"Gra\u0111evinske usluge, adaptacija i rekonstrukcija objekata&quot;&quot;Gra\u0111evinske usluge, adaptacija i rekonstrukcija objekata\",\"publisher\":{\"@id\":\"https:\/\/gemmaxgradnja.com\/#organization\"},\"potentialAction\":[{\"@type\":\"SearchAction\",\"target\":{\"@type\":\"EntryPoint\",\"urlTemplate\":\"https:\/\/gemmaxgradnja.com\/?s={search_term_string}\"},\"query-input\":{\"@type\":\"PropertyValueSpecification\",\"valueRequired\":true,\"valueName\":\"search_term_string\"}}],\"inLanguage\":\"en-US\"},{\"@type\":\"Organization\",\"@id\":\"https:\/\/gemmaxgradnja.com\/#organization\",\"name\":\"Gemmax - Gradnja - Novi Sad\",\"url\":\"https:\/\/gemmaxgradnja.com\/\",\"logo\":{\"@type\":\"ImageObject\",\"inLanguage\":\"en-US\",\"@id\":\"https:\/\/gemmaxgradnja.com\/#\/schema\/logo\/image\/\",\"url\":\"https:\/\/gemmaxgradnja.com\/wp-content\/uploads\/2025\/06\/logo-gemax-gradnja.png\",\"contentUrl\":\"https:\/\/gemmaxgradnja.com\/wp-content\/uploads\/2025\/06\/logo-gemax-gradnja.png\",\"width\":554,\"height\":103,\"caption\":\"Gemmax - Gradnja - Novi Sad\"},\"image\":{\"@id\":\"https:\/\/gemmaxgradnja.com\/#\/schema\/logo\/image\/\"}}]}<\/script>\n<!-- \/ Yoast SEO plugin. -->","yoast_head_json":{"title":"Asfaltiranje parkinga \u017delezni\u010dka stanica Novi Sad | Cena i Kvalitet","description":"Profesionalno asfaltiranje parkinga kod \u017delezni\u010dke stanice Novi Sad. Kvalitetni materijali, brza realizacija i povoljne cene. Saznajte sve detalje i kontaktirajte nas!","robots":{"index":"index","follow":"follow","max-snippet":"max-snippet:-1","max-image-preview":"max-image-preview:large","max-video-preview":"max-video-preview:-1"},"canonical":"https:\/\/gemmaxgradnja.com\/index.php\/asfaltiranje-parkinga-zeleznice-stanice-novi-sad\/","og_locale":"en_US","og_type":"article","og_title":"Asfaltiranje parkinga \u017delezni\u010dka stanica Novi Sad | Cena i Kvalitet","og_description":"Profesionalno asfaltiranje parkinga kod \u017delezni\u010dke stanice Novi Sad. Kvalitetni materijali, brza realizacija i povoljne cene. Saznajte sve detalje i kontaktirajte nas!","og_url":"https:\/\/gemmaxgradnja.com\/index.php\/asfaltiranje-parkinga-zeleznice-stanice-novi-sad\/","og_site_name":"Gemmax - Gradnja","article_modified_time":"2025-09-22T08:00:27+00:00","og_image":[{"width":1500,"height":844,"url":"https:\/\/gemmaxgradnja.com\/wp-content\/uploads\/2025\/09\/DJI_0322.webp","type":"image\/webp"}],"twitter_card":"summary_large_image","twitter_misc":{"Est. reading time":"4 minutes"},"schema":{"@context":"https:\/\/schema.org","@graph":[{"@type":"WebPage","@id":"https:\/\/gemmaxgradnja.com\/index.php\/asfaltiranje-parkinga-zeleznice-stanice-novi-sad\/","url":"https:\/\/gemmaxgradnja.com\/index.php\/asfaltiranje-parkinga-zeleznice-stanice-novi-sad\/","name":"Asfaltiranje parkinga \u017delezni\u010dka stanica Novi Sad | Cena i Kvalitet","isPartOf":{"@id":"https:\/\/gemmaxgradnja.com\/#website"},"primaryImageOfPage":{"@id":"https:\/\/gemmaxgradnja.com\/index.php\/asfaltiranje-parkinga-zeleznice-stanice-novi-sad\/#primaryimage"},"image":{"@id":"https:\/\/gemmaxgradnja.com\/index.php\/asfaltiranje-parkinga-zeleznice-stanice-novi-sad\/#primaryimage"},"thumbnailUrl":"https:\/\/gemmaxgradnja.com\/wp-content\/uploads\/2025\/09\/DJI_0322.webp","datePublished":"2025-09-22T06:43:52+00:00","dateModified":"2025-09-22T08:00:27+00:00","description":"Profesionalno asfaltiranje parkinga kod \u017delezni\u010dke stanice Novi Sad. Kvalitetni materijali, brza realizacija i povoljne cene. Saznajte sve detalje i kontaktirajte nas!","breadcrumb":{"@id":"https:\/\/gemmaxgradnja.com\/index.php\/asfaltiranje-parkinga-zeleznice-stanice-novi-sad\/#breadcrumb"},"inLanguage":"en-US","potentialAction":[{"@type":"ReadAction","target":["https:\/\/gemmaxgradnja.com\/index.php\/asfaltiranje-parkinga-zeleznice-stanice-novi-sad\/"]}]},{"@type":"ImageObject","inLanguage":"en-US","@id":"https:\/\/gemmaxgradnja.com\/index.php\/asfaltiranje-parkinga-zeleznice-stanice-novi-sad\/#primaryimage","url":"https:\/\/gemmaxgradnja.com\/wp-content\/uploads\/2025\/09\/DJI_0322.webp","contentUrl":"https:\/\/gemmaxgradnja.com\/wp-content\/uploads\/2025\/09\/DJI_0322.webp","width":1500,"height":844,"caption":"Radovi na asfaltiranju parkinga kod \u017delezni\u010dke stanice Novi Sad"},{"@type":"BreadcrumbList","@id":"https:\/\/gemmaxgradnja.com\/index.php\/asfaltiranje-parkinga-zeleznice-stanice-novi-sad\/#breadcrumb","itemListElement":[{"@type":"ListItem","position":1,"name":"Home","item":"https:\/\/gemmaxgradnja.com\/"},{"@type":"ListItem","position":2,"name":"Asfaltiranje parkinga \u017delezni\u010de stanice Novi Sad"}]},{"@type":"WebSite","@id":"https:\/\/gemmaxgradnja.com\/#website","url":"https:\/\/gemmaxgradnja.com\/","name":"Gemmax - Gradnja - Novi Sad","description":"Gra\u0111evinske usluge, adaptacija i rekonstrukcija objekata&quot;&quot;Gra\u0111evinske usluge, adaptacija i rekonstrukcija objekata","publisher":{"@id":"https:\/\/gemmaxgradnja.com\/#organization"},"potentialAction":[{"@type":"SearchAction","target":{"@type":"EntryPoint","urlTemplate":"https:\/\/gemmaxgradnja.com\/?s={search_term_string}"},"query-input":{"@type":"PropertyValueSpecification","valueRequired":true,"valueName":"search_term_string"}}],"inLanguage":"en-US"},{"@type":"Organization","@id":"https:\/\/gemmaxgradnja.com\/#organization","name":"Gemmax - Gradnja - Novi Sad","url":"https:\/\/gemmaxgradnja.com\/","logo":{"@type":"ImageObject","inLanguage":"en-US","@id":"https:\/\/gemmaxgradnja.com\/#\/schema\/logo\/image\/","url":"https:\/\/gemmaxgradnja.com\/wp-content\/uploads\/2025\/06\/logo-gemax-gradnja.png","contentUrl":"https:\/\/gemmaxgradnja.com\/wp-content\/uploads\/2025\/06\/logo-gemax-gradnja.png","width":554,"height":103,"caption":"Gemmax - Gradnja - Novi Sad"},"image":{"@id":"https:\/\/gemmaxgradnja.com\/#\/schema\/logo\/image\/"}}]}},"_links":{"self":[{"href":"https:\/\/gemmaxgradnja.com\/index.php\/wp-json\/wp\/v2\/pages\/919","targetHints":{"allow":["GET"]}}],"collection":[{"href":"https:\/\/gemmaxgradnja.com\/index.php\/wp-json\/wp\/v2\/pages"}],"about":[{"href":"https:\/\/gemmaxgradnja.com\/index.php\/wp-json\/wp\/v2\/types\/page"}],"author":[{"embeddable":true,"href":"https:\/\/gemmaxgradnja.com\/index.php\/wp-json\/wp\/v2\/users\/1"}],"replies":[{"embeddable":true,"href":"https:\/\/gemmaxgradnja.com\/index.php\/wp-json\/wp\/v2\/comments?post=919"}],"version-history":[{"count":7,"href":"https:\/\/gemmaxgradnja.com\/index.php\/wp-json\/wp\/v2\/pages\/919\/revisions"}],"predecessor-version":[{"id":933,"href":"https:\/\/gemmaxgradnja.com\/index.php\/wp-json\/wp\/v2\/pages\/919\/revisions\/933"}],"wp:featuredmedia":[{"embeddable":true,"href":"https:\/\/gemmaxgradnja.com\/index.php\/wp-json\/wp\/v2\/media\/924"}],"wp:attachment":[{"href":"https:\/\/gemmaxgradnja.com\/index.php\/wp-json\/wp\/v2\/media?parent=919"}],"curies":[{"name":"wp","href":"https:\/\/api.w.org\/{rel}","templated":true}]}}